Let m(j) = -j**3 + 31*j**2 - 25*j - 116. Give m(30).
34
Let m(k) = -k**3 - 9*k**2 + 11*k - 3. What is m(-10)?
-13
Let g(d) = -d - 5. Determine g(-6).
1
Let t(f) = 19*f + 55. What is t(-3)?
-2
Let n(v) = v**2 - 4*v + 2. Determine n(4).
2
Let k(p) = p**3 - 10*p**2 + 21*p + 6. What is k(7)?
6
Let c(h) = h**3 - 4*h**2 - 4*h - 5. Determine c(5).
0
Let f(x) = -x**3 + 36*x + 5. What is f(6)?
5
Let v(p) = p**2 + 3*p - 2. Calculate v(-2).
-4
Let o(y) = 4*y**3 + y - 7. Give o(-3).
-118
Let x(z) = -2*z**2 - 5*z + 5. Determine x(-4).
-7
Let t(c) = c**3 - 7*c**2 + 3. What is t(6)?
-33
Let w(c) = c**3 + 8*c**2 - 7*c + 15. What is w(-9)?
-3
Let v(s) = -s**3 - 7*s**2 - 11*s - 3. Calculate v(-3).
-6
Let l(y) = y**3 - 3*y**2 - 3*y + 4. Calculate l(3).
-5
Let v(q) = -4*q**2 - 5*q. Determine v(-3).
-21
Let i(v) = -v**3 - 5*v**2 - 7*v - 1. Give i(-5).
34
Let p(a) = -a**2 + 7*a + 8. What is p(7)?
8
Let o(r) = -4*r**2 + 2*r + 25. What is o(-4)?
-47
Let s(d) = d**3 + 16*d**2 - 2*d - 21. Give s(-16).
11
Let r(n) = -n**3 + 2*n**2 + 4*n - 4. Calculate r(4).
-20
Let b(k) = 10*k - 17. Calculate b(3).
13
Let o(g) = -g + 24. What is o(28)?
-4
Let m(n) = -9*n - 4. Calculate m(-1).
5
Let n(z) = z**2 + z - 5. What is n(4)?
15
Let w(d) = -d**3 + 13*d**2 - 21*d - 22. What is w(11)?
-11
Let t(w) = 14*w + 12. Give t(4).
68
Let i(t) = -16*t + 52. Calculate i(3).
4
Let d(j) = 2*j**2 + 53*j - 33. Give d(-27).
-6
Let a(y) = 14*y - 40. Determine a(3).
2
Let p(c) = -25*c**3 + c**2 + 2*c + 1. Give p(-1).
25
Let s(u) = u - 12. Give s(0).
-12
Let b(u) = u**2 + 20*u + 37. Give b(-18).
1
Let z(q) = q**3 + 6*q**2 + 5*q - 3. Calculate z(-6).
-33
Let r(l) = -l**3 - 9*l**2 + 13*l - 1. Determine r(2).
-19
Let w(l) = l**3 + 9*l**2 + l + 4. Calculate w(-9).
-5
Let k(a) = -a + 2. Determine k(11).
-9
Let q(p) = p - 1. Calculate q(-4).
-5
Let i(k) = 43*k**2 - 1. Give i(1).
42
Let d(i) = i**3 - 21*i**2 + 4*i + 17. Determine d(21).
101
Let b(l) = -13*l + 242. Calculate b(20).
-18
Let v(z) = 4*z - 104. Give v(18).
-32
Let a(t) = 25*t - 8. Calculate a(5).
117
Let v(g) = -2*g**3 - 20*g**2 - 17*g + 4. Give v(-9).
-5
Let y(d) = -d**2 - 7*d - 9. What is y(-7)?
-9
Let x(a) = -a**3 + 12*a**2 + 30*a - 11. Determine x(14).
17
Let w(s) = -3*s + 6. Calculate w(6).
-12
Let u(j) = j**2 + 31*j + 251. Calculate u(-18).
17
Let d(k) = -2*k + 12. Give d(6).
0
Let s(u) = 3*u**2 - 35*u - 9. Give s(11).
-31
Let g(b) = -b**3 + 8*b**2 - 11*b + 12. What is g(7)?
-16
Let y(m) = -m**2 - 12*m - 7. Calculate y(-8).
25
Let u(l) = -l**3 + 4*l**2 + 2*l + 2. What is u(4)?
10
Let r(n) = n**2 + n + 1. Calculate r(1).
3
Let s(b) = -b + 3. Determine s(5).
-2
Let n(r) = -2*r**2 + 39*r + 21. Give n(20).
1
Let d(p) = -2*p - 23. Calculate d(-4).
-15
Let l(s) = -s**2 - 2*s. Give l(-3).
-3
Let t(g) = -g**2 + 10*g + 203. Give t(20).
3
Let j(n) = n**2 + 11*n - 97. Determine j(6).
5
Let p(j) = j**2 + 5*j + 18. Give p(-6).
24
Let u(l) = l**3 - 5*l**2 + 6*l + 2. Give u(3).
2
Let a(u) = 2*u**3 - 19*u**2 + 8*u + 8. What is a(9)?
-1
Let m(j) = -j**3 - 14*j**2 - 12*j - 2. Give m(-13).
-15
Let r(p) = 34*p - 38. Calculate r(1).
-4
Let a(d) = d**2 + 37*d + 185. Give a(-31).
-1
Let k(w) = -42*w - 4. Calculate k(-1).
38
Let p(k) = 2*k**2 + 3. Determine p(2).
11
Let d(g) = g**3 + 14*g**2 + 27*g + 9. Determine d(-12).
-27
Let t(o) = -10*o + 33. Calculate t(5).
-17
Let q(s) = -s**2 + 20*s - 25. Calculate q(19).
-6
Let k(x) = -10*x - 16. Calculate k(-8).
64
Let j(m) = -2*m + 1. Give j(17).
-33
Let g(d) = 7*d. Calculate g(-1).
-7
Let i(h) = h**2 - 7*h + 5. Determine i(5).
-5
Let a(m) = -m**2 - 5*m + 7. What is a(-5)?
7
Let w(d) = -2*d**2 + 45*d + 14. Give w(23).
-9
Let x(u) = -15*u - 25. Give x(-2).
5
Let q(t) = -t**3 - 10*t**2 - t - 12. Give q(-10).
-2
Let u(s) = -s**2 + 22*s - 119. Calculate u(11).
2
Let k(z) = 66*z - 916. What is k(14)?
8
Let k(c) = c**2 - 6*c - 1. Give k(8).
15
Let k(y) = -2*y - 7. Determine k(-4).
1
Let w(p) = p - 7. Calculate w(11).
4
Let g(p) = 2*p**3 + 4*p**2 + 8*p + 10. What is g(-4)?
-86
Let g(z) = -2*z**3 - 4*z**2 + 9*z + 10. Determine g(2).
-4
Let z(a) = -4*a - 78. Determine z(-17).
-10
Let a(x) = x**3 - 6*x - 5. Calculate a(-2).
-1
Let f(u) = 8*u + 19. What is f(-5)?
-21
Let p(g) = -g**3 - 32*g**2 + 30*g - 104. Give p(-33).
-5
Let x(l) = 11*l - 2. Give x(-4).
-46
Let u(x) = 4*x**2 + 128*x + 5. What is u(-32)?
5
Let k(l) = 2*l**2 - 19*l + 34. Calculate k(2).
4
Let j(p) = -5*p - 20. Determine j(-4).
0
Let n(d) = -2*d - 22. Determine n(-13).
4
Let b(x) = 2*x**2 - 24*x - 56. Calculate b(-3).
34
Let p(b) = b**2 - 6*b - 5. Determine p(10).
35
Let p(l) = l**3 - 11*l**2 - 25*l - 10. Determine p(13).
3
Let d(a) = a**2 + 15*a - 54. Determine d(-18).
0
Let q(k) = -k**3 - 25*k**2 - 50*k - 110. What is q(-23)?
-18
Let v(a) = a**3 - 6*a**2 + 2*a + 10. Determine v(6).
22
Let k(m) = -m**3 - 7*m**2 + 14*m + 27. Calculate k(-8).
-21
Let b(w) = 2*w**2 + 18*w + 32. What is b(-6)?
-4
Let q(u) = -u**3 + 8*u**2 - 11. Calculate q(8).
-11
Let c(i) = -i - 44. Give c(-13).
-31
Let t(u) = u + 8. Give t(6).
14
Let v(y) = -y**2 - 10*y + 55. Calculate v(-13).
16
Let d(s) = s**3 - 9*s**2 + 10*s - 10. Determine d(8).
6
Let k(i) = 2*i**3 - 9*i**2 - 9*i - 13. Give k(6).
41
Let w(n) = -n - 5. Give w(1).
-6
Let s(g) = -3*g + 44. Give s(14).
2
Let r(f) = -f**2 - 15*f + 9. Give r(-16).
-7
Let j(p) = -p**3 + 12*p**2 - 2*p - 1. What is j(12)?
-25
Let c(j) = 7*j**2 + j + 2. What is c(2)?
32
Let s(b) = -3*b**2 - 5*b + 2. What is s(3)?
-40
Let y(v) = v**2 - 9*v - 12. Give y(10).
-2
Let h(o) = 2*o**3 + 11*o**2 + 31. What is h(-6)?
-5
Let a(j) = -j**2 + 12*j + 14. Calculate a(13).
1
Let l(v) = 2*v**2 + 43*v - 10. Give l(-22).
12
Let j(y) = -2*y**3 - 2*y**2 + 4*y + 5. Determine j(-2).
5
Let t(c) = 2*c - 5. What is t(0)?
-5
Let c(o) = -93*o + 8. What is c(0)?
8
Let j(r) = r**2 + 25*r + 149. Determine j(-13).
-7
Let o(j) = -j**3 + 7*j**2 - 16*j + 10. What is o(6)?
-50
Let v(c) = -8*c + 240. Determine v(29).
8
Let z(i) = -2*i - 4. Calculate z(-2).
0
Let y(k) = k**2 - 8*k + 3. Give y(7).
-4
Let z(n) = 156*n**2 - 2*n + 1. Determine z(1).
155
Let g(h) = -2*h**2 - 22*h + 16. Determine g(-12).
-8
Let a(y) = y**2 - 4*y - 6. Determine a(6).
6
Let p(j) = 7*j - 17. What is p(6)?
25
Let c(n) = 11*n**3 - n**2 + 3*n + 3. What is c(-1)?
-12
Let t(w) = w**3 - w**2 - 8*w + 7. Determine t(4).
23
Let s(z) = z**2 + z - 4. Determine s(0).
-4
Let m(g) = 3*g + 5. What is m(-4)?
-7
Let a(w) = w**3 + 4*w**2 - 6*w - 7. What is a(-4)?
17
Let b(t) = -t + 7. What is b(15)?
-8
Let q(x) = x**2 + 13*x + 19. What is q(-14)?
33
Let d(x) = -x**2 + 4*x + 3. Determine d(5).
-2
Let o(u) = -u**3 - 12*u**2 - 9. Calculate o(-12).
-9
Let o(q) = 12*q**3 - 2*q**2 + 1. Determine o(1).
11
Let m(l) = 13*l + 76. Give m(-5).
11
Let f(u) = -16*u + 29. Calculate f(2).
-3
Let g(c) = c**3 + 21*c**2 + 38*c - 3. What is g(-19)?
-3
Let n(d) = d**3 - 7*d**2 - 11*d - 1. Give n(8).
-25
Let b(i) = -5*i**2 + 7. Determine b(-3).
-38
Let t(j) = j**3 - 3*j**2 - 7*j + 6. Give t(4).
-6
Let m(d) = -3*d**2 + 3*d + 2. Determine m(-1).
-4
Let h(t) = 4*t - 91. Determine h(22).
-3
Let j(h) = -h**3 - 5*h**2 - 7*h - 6. What is j(-4)?
6
Let i(f) = -2*f - 8. Give i(8).
-24
Let y(d) = d**3 - 12*d**2 + 13*d - 17. What is y(11)?
5
Let i(o) = -2*o**2 - 5*o - 3. Give i(-3).
-6
Let y(m) = 2*m**2 + 22*m + 21. Give y(-8).
-27
Let j(d) = d**2 - 7*d - 1. What is j(6)?
-7
Let r(u) = -u**3 + 6*u**2 + 8*u + 6. Calculate r(7).
13
Let i(j) = -j**2 + 13*j - 46. What is i(8)?
-6
Let v(d) = -d + 15. What is v(17)?
-2
Let a(k) = 3*k - 26. What is a(12)?
10
Let b(u) = u**3 + 17*u**2 - 80*u - 407. What is b(-20)?
-7
Let n(f) = -6*f + 3. Calculate n(1).
-3
Let l(i) = 4*i + 14. Give l(-5).
-6
Let c(t) = t**2 + 10*t - 17. What is c(-11)?
-6
Let k(y) = 24*y - 147. Calculate k(6).
-3
Let c(m) = 43*m**2 + 15*m - 14. What is c(1)?
44
Let g(p) = p**3 - 4*p**2 - 3*p + 6. Calculate g(4).
-6
Let z(r) = -r**3 - 11*r**2 - r + 7. Calculate z(-10).
-83
Let k(b) = b**2 - b + 3. Give k(-4).
23
Let x(k) = 13*k - 91. Calculate x(6).
-13
Let c(q) = 22*q + 131. What is c(-6)?
-1
Let m(f) = 3*f - 16. Calculate m(13).
23
Let p(y) = -6*y**3 + 72*y**2 - 7*y + 88. Give p(12).
4
Let h(j) = j - 5. What is h(6)?
1
Let j(v) = 9*v - 27. What is j(3)?
0
Let a(x) = -x**2 - 14*x - 33. Calculate a(-12).
-9